
False
Is 3593 a multiple of 8?
False
Is 109 a multiple of 2?
False
Is 49 a factor of 41405?
True
Does 58 divide 232?
True
Is 1366 a multiple of 9?
False
Is 154 a multiple of 22?
True
Is 12 a factor of 576?
True
Is 3137 a multiple of 61?
False
Is 4 a factor of 348?
True
Is 7188 a multiple of 12?
True
Is 66 a factor of 12570?
False
Is 1156 a multiple of 68?
True
Does 12 divide 6382?
False
Is 56 a multiple of 8?
True
Is 6 a factor of 102?
True
Is 1365 a multiple of 15?
True
Is 15 a factor of 75?
True
Is 43295 a multiple of 10?
False
Does 5 divide 681?
False
Is 5763 a multiple of 7?
False
Does 11 divide 2310?
True
Is 7 a factor of 589?
False
Is 34 a factor of 2244?
True
Is 177 a factor of 16284?
True
Is 39 a factor of 111?
False
Is 4 a factor of 12?
True
Is 19552 a multiple of 94?
True
Is 7124 a multiple of 26?
True
Is 5 a factor of 3997?
False
Is 870 a multiple of 3?
True
Does 71 divide 42941?
False
Does 85 divide 22610?
True
Does 22 divide 176?
True
Is 23 a factor of 566?
False
Does 25 divide 600?
True
Is 131 a factor of 7253?
False
Is 5078 a multiple of 18?
False
Is 46 a factor of 18768?
True
Is 79 a factor of 10270?
True
Is 10854 a multiple of 18?
True
Does 15 divide 59175?
True
Does 37 divide 1998?
True
Is 247 a factor of 53599?
True
Is 8 a factor of 8448?
True
Does 65 divide 47196?
False
Does 122 divide 70349?
False
Is 84 a factor of 84?
True
Is 12 a factor of 522?
False
Is 141 a multiple of 3?
True
Does 33 divide 14505?
False
Is 8 a factor of 1414?
False
Does 9 divide 18663?
False
Is 3 a factor of 45?
True
Is 4944 a multiple of 16?
True
Is 111 a multiple of 96?
False
Is 4532 a multiple of 44?
True
Does 7 divide 73?
False
Is 31 a factor of 9331?
True
Does 22 divide 396?
True
Is 39 a factor of 6005?
False
Is 32 a factor of 7584?
True
Is 1364 a multiple of 22?
True
Does 3 divide 696?
True
Is 5070 a multiple of 10?
True
Is 5 a factor of 1760?
True
Does 51 divide 1683?
True
Is 9659 a multiple of 2?
False
Is 2445 a multiple of 5?
True
Is 542 a multiple of 11?
False
Is 1419 a multiple of 21?
False
Is 369 a multiple of 41?
True
Is 18995 a multiple of 90?
False
Does 13 divide 7202?
True
Is 41709 a multiple of 41?
False
Is 2833 a multiple of 35?
False
Is 2356 a multiple of 19?
True
Is 7 a factor of 7826?
True
Does 133 divide 399?
True
Is 614 even?
True
Is 14 a factor of 11238?
False
Does 12 divide 1553?
False
Is 1701 a multiple of 9?
True
Is 468 a multiple of 36?
True
Does 43 divide 2625?
False
Is 5841 a multiple of 177?
True
Is 34352 a multiple of 16?
True
Does 7 divide 327?
False
Is 3 a factor of 60?
True
Does 86 divide 43688?
True
Is 15 a factor of 1099?
False
Is 73 a multiple of 13?
False
Does 21 divide 6488?
False
Is 2 a factor of 136?
True
Is 560 a multiple of 4?
True
Is 949 a multiple of 10?
False
Is 139 a factor of 25150?
False
Does 37 divide 19672?
False
Is 44 a factor of 6820?
True
Is 11 a factor of 2189?
True
Is 4 a factor of 4991?
False
Is 2550 a multiple of 75?
True
Is 29 a factor of 30472?
False
Is 52569 a multiple of 11?
True
Is 468 a multiple of 4?
True
Is 253 a multiple of 11?
True
Is 148 a factor of 4220?
False
Is 15 a factor of 10950?
True
Is 13 a factor of 169?
True
Is 16 a factor of 1506?
False
Is 10 a factor of 450?
True
Does 24 divide 1824?
True
Is 13 a factor of 15263?
False
Is 11712 a multiple of 96?
True
Does 4 divide 40?
True
Is 11 a factor of 2415?
False
Is 156 a factor of 7175?
False
Is 193 a factor of 10615?
True
Is 4127 a multiple of 30?
False
Is 39455 a multiple of 5?
True
Is 3 a factor of 158?
False
Does 19 divide 27532?
False
Is 1110 a multiple of 33?
False
Does 55 divide 1550?
False
Is 17 a factor of 3264?
True
Does 9 divide 343?
False
Is 124838 a multiple of 37?
True
Is 3339 a multiple of 41?
False
Is 28 a factor of 26620?
False
Is 939 a multiple of 3?
True
Is 17203 a multiple of 83?
False
Is 6320 a multiple of 119?
False
Is 30258 a multiple of 50?
False
Is 28 a factor of 10080?
True
Is 1137 a multiple of 23?
False
Does 23 divide 874?
True
Is 19 a multiple of 6?
False
Is 19 a factor of 1463?
True
Is 4 a factor of 256?
True
Does 64 divide 5248?
True
Is 48 a factor of 1660?
False
Does 9 divide 1485?
True
Does 31 divide 899?
True
Does 7 divide 1880?
False
Is 11 a multiple of 11?
True
Does 6 divide 36?
True
Does 357 divide 35242?
False
Is 2916 a multiple of 11?
False
Is 3251 a multiple of 127?
False
Is 18 a factor of 198?
True
Is 18 a factor of 2196?
True
Is 5904 a multiple of 9?
True
Does 5 divide 532?
False
Is 4 a factor of 184?
True
Is 3004 a multiple of 4?
True
Is 4940 a multiple of 8?
False
Is 2016 a multiple of 8?
True
Does 35 divide 27406?
False
Does 91 divide 5914?
False
Is 58 a factor of 1682?
True
Is 9751 a multiple of 49?
True
Is 11 a factor of 1727?
True
Is 11627 a multiple of 11?
True
Is 11 a factor of 10343?
False
Is 317 a multiple of 10?
False
Does 19 divide 35017?
True
Does 50 divide 1350?
True
Is 101 a multiple of 4?
False
Is 17 a factor of 8744?
False
Is 3692 a multiple of 26?
True
Does 86 divide 5848?
True
Does 6 divide 4256?
False
Is 248 a multiple of 43?
False
Does 226 divide 20023?
False
Is 1269 a multiple of 9?
True
Is 28 a factor of 3696?
True
Is 645 a multiple of 4?
False
Is 210 a factor of 8949?
False
Is 15424 a multiple of 16?
True
Is 8 a factor of 600?
True
Is 1590 a multiple of 30?
True
Is 1781 a multiple of 18?
False
Is 7346 a multiple of 28?
False
Is 372 a multiple of 12?
True
Is 16 a factor of 288?
True
Does 12 divide 352?
False
Is 5478 a multiple of 3?
True
Is 82 a factor of 1722?
True
Is 275 a factor of 35979?
False
Does 47 divide 2209?
True
Is 4717 a multiple of 51?
False
Is 166 a factor of 5366?
False
Is 22 a factor of 1483?
False
Is 36 a factor of 1692?
True
Is 1118 a multiple of 13?
True
Does 65 divide 585?
True
Is 1092 a multiple of 26?
True
Does 58 divide 464?
True
Is 8 a factor of 23646?
False
Is 396 a multiple of 17?
False
Is 3801 a multiple of 19?
False
Does 154 divide 114576?
True
Does 11 divide 8646?
True
Is 6 a factor of 3252?
True
Does 7 divide 119?
True
Is 5 a factor of 21?
False
Is 1080 a multiple of 3?
True
Does 7 divide 130?
False
Is 58 a factor of 10480?
False
Is 11 a factor of 1563?
False
Is 5130 a multiple of 9?
True
Is 594 a multiple of 22?
True
Does 16 divide 2802?
False
Is 8 a factor of 8?
True
Is 520 a multiple of 40?
True
Is 15 a factor of 1562?
False
Is 2223 a multiple of 40?
False
Is 2 a factor of 618?
True
Is 21 a factor of 8757?
True
Does 8 divide 208?
True
Is 41 a factor of 3731?
True
Is 61 a factor of 2013?
True
Is 1645 a multiple of 43?
False
Is 324 a multiple of 2?
True
Is 44 a factor of 2772?
True
Is 27 a factor of 1257?
False
Is 33 a factor of 396?
True
Is 313 a factor of 89205?
True
Is 2436 a multiple of 42?
True
Does 176 divide 7325?
False
Is 2 a factor of 239?
False
Does 342 divide 122094?
True
Is 50 a factor of 575?
False
Does 279 divide 118958?
False
Does 99 divide 396?
True
Does 49 divide 3332?
True
Is 3 a factor of 4?
False
Is 36 a factor of 2232?
True
Is 10 a factor of 242?
False
Is 202 a factor of 10093?
False
Is 176 a factor of 31716?
False
Is 2080 a multiple of 40?
True
Is 146 a multiple of 73?
True
Is 21791 a multiple of 11?
True
Does 140 divide 4547?
False
Does 47 divide 8160?
False
Is 50 a factor of 1200?
True
Is 28 a factor of 252?
True
Is 16 a factor of 1616?
True
Does 9 divide 3657?
False
Is 10319 a multiple of 16?
False
Does 7 divide 2282?
True
Is 17 a factor of 30787?
True
Is 12 a factor of 660?
True
Does 185 divide 28044?
False
Does 144 divide 28800?
True
Does 41 divide 23426?
False
Does 360 divide 20583?
False
Does 22 divide 1474?
True
Does 56 divide 1512?
True
Is 28 a factor of 363?
False
Is 17 a factor of 289?
True
Is 15328 a multiple of 20?
False
Is 155 a factor of 13950?
True
Does 96 divide 864?
True
Is 13 a factor of 638?
False
Is 22 a factor of 49434?
True
Does 96 divide 51840?
True
Does 40 divide 2653?
False
Is 32 a multiple of 16?
True
Does 20 divide 124?
False
Is 12 a factor of 26178?
False
Does 10 divide 2879?
False
Is 6611 a multiple of 87?
False
Is 109270 a multiple of 490?
True
Is 5605 a multiple of 150?
False
Is 32 a factor of 4000?
True
Is 9 a factor of 2425?
False
Is 41382 a multiple of 33?
True
Does 40 divide 992?
False
Is 598 a multiple of 26?
True
Is 2331 a multiple of 37?
True
Is 923 a multiple of 61?
Fal